7. Let m = w - -67. Calculate the highest common factor of 32 and m.
16
Let v(j) = -2*j**3 - 7*j**2 + 11*j + 6. Let a be v(-7). Suppose 3*w = 5*s + 63, s + 71 - 4 = 4*w. Calculate the greatest common divisor of w and a.
16
Let m be (19 - 17)*(-18)/(-4) + -7. What is the highest common divisor of m and 338?
2
Let m(f) = -2*f**2 - 46*f + 20. Let j be m(-22). Suppose -21 = -5*b + 14. Suppose b*h - 3*h - j = 0. Calculate the highest common factor of h and 64.
16
Let h be (-6)/(-9) + (-46)/(-3). Suppose -k + 14 - 2 = 0. Suppose k = 3*q + 3*q. What is the highest common factor of q and h?
2
Let m = 4 + -2. Let u be (-13)/(-3) + m + 9/(-27). Calculate the greatest common factor of u and 54.
6
Let i be (((-56)/(-35))/1)/((-2)/(-650)). Calculate the greatest common factor of i and 30.
10
Let v be (-2)/(((-6)/(-88))/((-918)/68)). What is the highest common divisor of 8 and v?
4
Suppose -3*q + 5*v = -156 - 115, 366 = 4*q - 2*v. Let t be 24817/q + -1 + 10/8. Calculate the highest common divisor of 30 and t.
30
Suppose -4*w + 6*z = -104, -12*w + 8*w - 3*z = -68. Calculate the highest common divisor of 3140 and w.
20
Let a = 11 + -7. Suppose 3*c + 4*g = 17 + 8, a*g = 16. Let q be 162/(-72)*32/(-6). Calculate the greatest common factor of c and q.
3
Let z = -349 - -412. Calculate the highest common factor of z and 84.
21
Let p = 354 + -78. Calculate the greatest common factor of p and 24.
12
Let b(r) = -7*r - 3. Let k be b(-3). Suppose -10 = 2*l + 5*n - 79, 0 = 3*n - 9. Calculate the greatest common factor of l and k.
9
Let l be 28/(-21)*(81/(-6) + 0). Suppose -10 = -i + 8. Calculate the greatest common divisor of l and i.
18
Let r = 203 - 122. Suppose -3*p = -2*p - 9. Calculate the highest common divisor of p and r.
9
Let l = -590 - -653. What is the greatest common divisor of l and 54?
9
Let m = 1569 - 1541. Calculate the greatest common divisor of 1988 and m.
28
Let l be 118*3 - 2/1. Suppose 4*c + 52 = l. Let k = c + -30. Calculate the greatest common factor of 9 and k.
9
Let s = 205 + -181. Calculate the highest common factor of 16 and s.
8
Let j = 209 - 154. Calculate the highest common factor of 385 and j.
55
Let j(u) = -3*u**2 + 4*u. Let y(q) = -16*q**2 + 20*q. Let n(o) = -11*j(o) + 2*y(o). Let w be n(-10). What is the greatest common factor of w and 35?
35
Let k be (-5 + 1)/(-2) + -2*5. Let q(a) = 2*a**2 + 13*a - 6. Let u be q(k). Calculate the highest common factor of 9 and u.
9
Let u(g) = 21*g - 392. Let z be u(32). What is the highest common divisor of z and 7?
7
Suppose 16 = -s + 5*o, -4*s - 2*o - 3*o + 11 = 0. Let f be 328/48 - s/6. Suppose t = 3*t - 154. What is the highest common factor of f and t?
7
Suppose -518 = -2*i + 164. What is the highest common factor of i and 11?
11
Suppose -c + 7 = 1. Suppose -4*r = -r - c. Suppose -2*j = -j + 2*o - 18, r*o - 36 = -2*j. What is the highest common factor of 198 and j?
18
Suppose 24*l = 27*l - 96. Suppose 23*m + 12 = 26*m. What is the greatest common divisor of l and m?
4
Let z(g) = 2*g + 58. Let h be z(-23). What is the highest common divisor of 18 and h?
6
Suppose 0 = -2*y - 4*x - 10, -x - x = 3*y + 11. Let o be -1 + 2 - (14 + y). Let s be (-1)/(-2)*(-180)/o. What is the greatest common divisor of 27 and s?
9
Let i(g) = g. Let w(u) = 2*u**2 + 7*u + 5. Let c be w(-4). Let n be i(c). Let v be 240/n*(-2 + 5). Calculate the greatest common divisor of 32 and v.
16
Let m = 2395 + -2054. Calculate the greatest common factor of m and 31.
31
Let t = 1630 - 1606. Calculate the highest common factor of t and 270.
6
Suppose 2*b + 0*z = z + 328, 0 = 3*b - z - 492. What is the highest common divisor of 41 and b?
41
Let a = 119 + -116. Suppose -2*n - 92 = -3*i, i + a*n = -n + 26. Calculate the greatest common factor of i and 330.
30
Let i = -17 - -23. Suppose w - i*w + 65 = 0. What is the highest common factor of 117 and w?
13
Let u be 34/(6/3)*1. Suppose 13*i = u*i - 60. Calculate the greatest common factor of 165 and i.
15
Let m be (-2 + -14)*1/(-2). Let d be m/(-6)*(4 - 140/8). What is the greatest common factor of 2 and d?
2
Suppose 3*c = -n - 0*n + 39, -n = 4*c - 42. Let x = 42 - n. Let t be (-11 + x)*(-32)/(-2). What is the greatest common factor of 64 and t?
16
Suppose 4*c = 625 + 55. Suppose -7*v + 85 = -2*v. Calculate the greatest common factor of c and v.
17
Let d(c) = 3*c - 8. Let h(s) = s. Let w(x) = d(x) - 2*h(x). Suppose -j - 13 = -2*j. Let k be w(j). Calculate the highest common factor of 40 and k.
5
Let f = 74 - -23. Let b = 2 + -1. Let d = f - b. What is the highest common factor of d and 12?
12
Let f(n) = -29*n + 550. Let p be f(10). Calculate the greatest common divisor of 80 and p.
20
Let q be (4 - 616/(-4)) + 7. Calculate the greatest common factor of 99 and q.
33
Suppose -19*w + 4045 = 1385. Calculate the highest common divisor of w and 100.
20
Let t(g) = 21*g - 260. Let o be t(16). What is the highest common divisor of o and 171?
19
Suppose -2*g + 46 = -28. Let b = 92 - g. Let m(n) = 10*n + 2. Let l be m(2). What is the highest common divisor of l and b?
11
Let k(b) = b**2 + 12*b + 21. Let p be k(-21). What is the greatest common divisor of 126 and p?
42
Let h = -6 - -18. Let w(r) be the second derivative of r**4/12 + 7*r**3/6 - 3*r**2 - 11*r. Let a be w(-10). Calculate the highest common factor of a and h.
12
Let m = 10 - 5. Suppose 8 = -9*t + 13*t. What is the highest common factor of t and m?
1
Suppose 7*h - 709 = -233. Suppose h*z = 63*z + 430. Calculate the highest common divisor of 43 and z.
43
Suppose 3*p - 12 = 0, -5*x + 23 = 3*p - 34. Let b = x - -32. Calculate the greatest common divisor of 123 and b.
41
Let n(y) = y**2 + 7*y + 3. Let d be n(-9). Calculate the greatest common factor of d and 14.
7
Let y(v) = -6*v**2 + 121*v + 85. Let m be y(20). What is the highest common divisor of m and 345?
15
Let d(z) = 4*z**3 + z**2 - 4*z - 3. Let j be d(4). What is the greatest common factor of j and 69?
23
Let z(r) = 137*r**3 - 15*r**2 + 12*r + 2. Let j be z(1). What is the highest common divisor of j and 17?
17
Let p(y) = 7*y + 113. Let z be p(17). Calculate the highest common divisor of 16 and z.
8
Suppose -3 = u, 2*z - 5*u = 60 + 7. Suppose -6 = -l + 59. Calculate the greatest common divisor of z and l.
13
Let w = 31 - 26. Suppose -w*g + 39 + 63 = -2*d, 3*g = -3*d + 57. Suppose g = n + 5. Calculate the greatest common factor of n and 10.
5
Let k(i) = -2*i**3 - 8*i**2 - 4*i + 3. Let v be k(-4). Calculate the highest common factor of v and 133.
19
Suppose f = 3*i + 32, -5*f + f + 3*i + 137 = 0. Calculate the greatest common divisor of f and 20.
5
Let f be ((-3)/(-4))/((-2)/(-32)). Suppose -2*m - 6 = -f. Suppose 1 = 4*i - m. What is the highest common divisor of 8 and i?
1
Let i be 4/(8/(-5))*(-9 - -11). Let o = 0 + -5. Let x be (-36)/o + i/25. Calculate the greatest common divisor of x and 14.
7
Let j(k) = k + 5. Suppose 0 = 3*v - 19 - 11. Let a be j(v). Calculate the greatest common factor of 165 and a.
15
Let r be (3 + -1)/((-11)/((-440)/4)). Calculate the greatest common factor of r and 370.
10
Suppose -45 = -5*f - 5*d, 5*d = -f - 2*f + 37. Let a be (-3)/9 - (400/(-12) - -4). Let t = -17 + a. What is the highest common factor of f and t?
4
Let a = 747 + -679. What is the highest common divisor of a and 1088?
68
Let d = -498 + 230. Let m = 188 + d. Let a be m/(-12) + (-4)/6. Calculate the greatest common divisor of a and 30.
6
Suppose -4*p + 60 = 4. Let i(o) be the first derivative of 5*o**4/4 - o**3 + o**2 - 2*o + 14. Let m be i(3). What is the highest common divisor of p and m?
14
Let j(l) be the second derivative of -l**3/6 + 4*l**2 + 10*l. Let d be j(-7). What is the greatest common factor of d and 165?
15
Let o(s) = -4*s - 4. Let d be o(5). Let m = d + 36. What is the highest common factor of 36 and m?
12
Let h(g) = g**3 - 7*g**2 - 7*g - 2. Let x be h(8). Suppose x*b - 214 - 1304 = 0. Calculate the highest common divisor of b and 23.
23
Let i = 570 + -206. What is the greatest common divisor of 28 and i?
28
Let y be (16 + -3)/(-3 + 38/12). Calculate the greatest common divisor of y and 273.
39
Let j(k) = -2*k - 5. Let p be j(-4). Suppose -p - 1 = 4*m. Let v be m/2 - (-342)/12. What is the highest common divisor of v and 7?
7
Let m = -28 - -32. Suppose m*u - 44 - 60 = 0. What is 